me factors of 99905440?
2, 5, 83, 7523
What are the prime factors of 3277023899?
3277023899
What are the prime factors of 491224802?
2, 37, 107, 62039
What are the prime factors of 762752296?
2, 61, 1563017
What are the prime factors of 6328792667?
103, 1063, 57803
What are the prime factors of 3176803572?
2, 3, 19, 37, 376577
List the prime factors of 2349935149.
2349935149
What are the prime factors of 37949429?
7, 29, 71, 2633
What are the prime factors of 825893496?
2, 3, 113, 11279
List the prime factors of 14705290.
2, 5, 1470529
List the prime factors of 43167005.
5, 7, 257, 4799
What are the prime factors of 84770590?
2, 5, 19, 503, 887
List the prime factors of 70254027.
3, 983, 2647
List the prime factors of 18616988.
2, 13, 31, 11549
What are the prime factors of 103079116?
2, 7, 523, 7039
What are the prime factors of 174751288?
2, 21843911
List the prime factors of 56234286.
2, 3, 3124127
What are the prime factors of 189156331?
7, 13, 17, 122273
What are the prime factors of 208898725?
5, 7, 1193707
List the prime factors of 134353528.
2, 769, 21839
What are the prime factors of 74099654?
2, 37049827
List the prime factors of 3387066933.
3, 1129022311
List the prime factors of 3461150548.
2, 89, 9722333
List the prime factors of 484749461.
7, 69249923
List the prime factors of 271444695.
3, 5, 17, 62617
List the prime factors of 26413360.
2, 5, 330167
List the prime factors of 92141810.
2, 5, 9214181
List the prime factors of 919882907.
23, 89, 449381
What are the prime factors of 29644827?
3, 47, 210247
What are the prime factors of 127637941?
127637941
List the prime factors of 1181507848.
2, 147688481
List the prime factors of 3100499942.
2, 89, 17418539
List the prime factors of 1034156793.
3, 109, 311, 10169
List the prime factors of 69352573.
69352573
List the prime factors of 206592145.
5, 53, 779593
List the prime factors of 74647112.
2, 67, 139267
What are the prime factors of 47880827?
29, 47, 35129
What are the prime factors of 485152332?
2, 3, 7, 509, 1621
List the prime factors of 235362549.
3, 78454183
List the prime factors of 4539944010.
2, 3, 5, 7, 17, 23, 55291
What are the prime factors of 3294174?
2, 3, 13, 157, 269
What are the prime factors of 39305175?
3, 5, 7, 13, 443
List the prime factors of 1631114102.
2, 593, 1375307
List the prime factors of 114682398.
2, 3, 19113733
What are the prime factors of 191995435?
5, 193, 198959
What are the prime factors of 1287353431?
7, 13, 103, 2803
What are the prime factors of 586935783?
3, 7, 19, 490339
What are the prime factors of 1337176571?
229, 337, 17327
What are the prime factors of 69023435?
5, 13, 281, 3779
List the prime factors of 1770587386.
2, 823, 1075691
What are the prime factors of 15608665?
5, 431, 7243
List the prime factors of 2532923065.
5, 506584613
What are the prime factors of 6905771162?
2, 1361, 2537021
List the prime factors of 291475455.
3, 5, 17, 37, 30893
List the prime factors of 12760130.
2, 5, 1276013
List the prime factors of 237037742.
2, 107, 1019, 1087
List the prime factors of 16402536.
2, 3, 409, 557
What are the prime factors of 49299327?
3, 7, 11, 23, 1031
List the prime factors of 710800292.
2, 177700073
List the prime factors of 452206218.
2, 3, 75367703
List the prime factors of 35725853.
35725853
What are the prime factors of 66426180?
2, 3, 5, 31, 71, 503
List the prime factors of 100135592.
2, 12516949
What are the prime factors of 208601645?
5, 7, 17, 41, 503
What are the prime factors of 268727244?
2, 3, 1531, 14627
What are the prime factors of 432049343?
11, 89, 223, 1979
List the prime factors of 684130634.
2, 11, 31096847
What are the prime factors of 1713819726?
2, 3, 71, 1341017
What are the prime factors of 478787372?
2, 7, 53, 322633
What are the prime factors of 3820008504?
2, 3, 13, 1097, 11161
List the prime factors of 80024554.
2, 40012277
What are the prime factors of 917360940?
2, 3, 5, 15289349
What are the prime factors of 322827323?
7, 13, 3547553
What are the prime factors of 183074631?
3, 37, 251, 6571
List the prime factors of 15217262.
2, 7608631
List the prime factors of 452559172.
2, 13, 8703061
List the prime factors of 855434889.
3, 293, 324397
What are the prime factors of 6513246029?
1423, 4577123
What are the prime factors of 183824227?
2663, 69029
List the prime factors of 1613602651.
17, 23, 4126861
What are the prime factors of 193427616?
2, 3, 89, 22639
What are the prime factors of 132471344?
2, 17, 19, 25633
List the prime factors of 78493283.
11, 89, 80177
List the prime factors of 853627664.
2, 17, 3138337
What are the prime factors of 291227567?
6967, 41801
What are the prime factors of 965646114?
2, 3, 47, 53, 64609
What are the prime factors of 8211117301?
8211117301
What are the prime factors of 387652048?
2, 7, 29, 41, 71
List the prime factors of 499740921.
3, 2056547
What are the prime factors of 157885831?
29, 47, 115837
List the prime factors of 353563577.
59, 5992603
List the prime factors of 1130098022.
2, 565049011
What are the prime factors of 205464004?
2, 2671, 19231
List the prime factors of 210127784.
2, 26265973
What are the prime factors of 70502280?
2, 3, 5, 587519
What are the prime factors of 39507456?
2, 3, 17, 89
List the prime factors of 217221099.
3, 1471, 49223
What are the prime factors of 2349713104?
2, 1231, 119299
What are the prime factors of 1716646605?
3, 5, 114443107
What are the prime factors of 1288046940?
2, 3, 5, 43, 101, 4943
List the prime factors of 3319184813.
7, 269, 1762711
List the prime factors of 2271519396.
2, 3, 17, 1237211
What are the prime factors of 782820733?
283, 2766151
What are the prime factors of 32512564?
2, 7, 1161163
What are the prime factors of 1942497379?
1942497379
List the prime factors of 9830884379.
61, 7727, 20857
What are the prime factors of 293453333?
6763, 43391
List the prime factors of 2305477138.
2, 19, 773, 78487
What are the prime factors of 94630882?
2, 47315441
What are the prime factors of 143845961?
7, 20549423
List the prime factors of 987769181.
7, 1667, 84649
List the prime factors of 2234015551.
29, 77035019
List the prime factors of 14693791.
7, 251, 8363
List the prime factors of 50509491.
3, 67, 251291
What are the prime factors of 3942653964?
2, 3, 328554497
List the prime factors of 11828721.
3, 3942907
What are the prime factors of 108756001?
108756001
List the prime factors of 115956354.
2, 3, 17, 19, 59833
What are the prime factors of 2702057959?
821, 3291179
List the prime factors of 69238105.
5, 13847621
What are the prime factors of 49019232?
2, 3, 510617
List the prime factors of 81671239.
13, 557, 11279
What are the prime factors of 32116547?
3167, 10141
List the prime factors of 56327262.
2, 3, 9387877
What are the prime factors of 1305023634?
2, 3, 23, 1061, 2971
List the prime factors of 37176040.
2, 5, 11, 7681
List the prime factors of 960247397.
17, 56485141
List the prime factors of 179502656.
2, 2804729
What are the prime factors of 8171325?
3, 5, 23, 1579
List the prime factors of 80838683.
71, 101, 11273
What are the prime factors of 24874065?
3, 5, 552757
List the prime factors of 379469154.
2, 3, 269, 235111
What are the prime factors of 6682305962?
2, 54163, 61687
What are the prime factors of 89747233?
17, 659, 8011
List the prime factors of 177796284.
2, 3, 31, 477947
List the prime factors of 42165147.
3, 2137, 6577
List the prime factors of 108450947.
11, 97, 101641
List the prime factors of 219122112.
2, 3, 11, 17, 359
What are the prime factors of 276145938?
2, 3, 15341441
List the prime factors of 58784579.
7, 53, 158449
What are the prime factors of 20667533?
20667533
List the prime factors of 2747737965.
3, 5, 7, 17, 29, 7583
List the prime factors of 395177782.
2, 199, 641, 1549
What are the prime factors of 33208430?
2, 5, 73, 45491
What are the prime factors of 180191554?
2, 19, 37, 128159
List the prime factors of 547250203.
547250203
What are the prime factors of 49345968?
2, 3, 7, 17, 53, 163
What are the prime factors of 51628685?
5, 1381, 7477
List the prime factors of 1699755688.
2, 757, 280673
What are the prime factors of 78367334?
2, 1297, 30211
List the prime factors of 28271572.
2, 7, 79, 12781
What are the prime factors of 23036822?
2, 1151841